6*t**2 + 11*t + 64. What is g(-5)?
-141
Let u(t) = 24724*t + 98893. Calculate u(-4).
-3
Let i(z) = -7573*z + 52975. What is i(7)?
-36
Let o(l) = -289*l - 601. Calculate o(-2).
-23
Let k(s) = -2*s**2 - 62*s - 371. Give k(-23).
-3
Let b(h) = h**2 + 71*h - 524. Determine b(-78).
22
Let l(q) = 1366*q - 25952. What is l(19)?
2
Let d(q) = -51*q + 222. Calculate d(4).
18
Let t(i) = -4*i**3 + 10*i**2 - 13*i + 4. Calculate t(2).
-14
Let u(k) = 3*k**2 + 3549*k - 7103. What is u(2)?
7
Let f(x) = -286*x + 2301. Give f(8).
13
Let s(r) = 6*r - 165. What is s(23)?
-27
Let t(u) = 8*u**2 + 28*u + 95. Give t(-4).
111
Let h(c) = -c**3 - 3*c**2 + 16*c + 86. Give h(-4).
38
Let b(d) = 7*d**2 - 9*d - 24. What is b(3)?
12
Let a(c) = -c**3 + 8*c**2 - 4*c - 4. Determine a(8).
-36
Let k(j) = -8*j**2 + 21*j - 40. What is k(2)?
-30
Let i(p) = 2*p**2 + 428*p + 6341. Determine i(-16).
5
Let u(a) = 504*a - 111. What is u(1)?
393
Let b(k) = 9*k**3 - 352*k**2 + 35*k + 146. Calculate b(39).
-10
Let a(f) = 4*f**3 - 6*f**2 - 8*f + 1. Calculate a(0).
1
Let h(d) = 7*d**3 - 13*d**2 + 44*d - 25. Give h(3).
179
Let f(a) = a**3 + 72*a**2 + 140*a - 3. Give f(-70).
-3
Let o(r) = r**2 - 92*r - 688. Determine o(-7).
5
Let t(b) = -60*b - 2175. Give t(-22).
-855
Let c(s) = s**3 - 48*s**2 + 88*s - 1941. Calculate c(47).
-14
Let v(t) = 3*t**3 - 57*t**2 - 42*t + 802. Give v(19).
4
Let a(g) = -g**3 + 19*g**2 - 151*g + 405. Determine a(5).
0
Let m(h) = 4*h**2 + 59*h + 30. Determine m(-11).
-135
Let n(r) = 55*r + 988. Calculate n(-23).
-277
Let v(h) = -40*h**3 + 3*h**2 - 10*h + 1. Determine v(-2).
353
Let c(b) = -2*b**2 - 333*b - 12663. Calculate c(-108).
-27
Let h(p) = 7*p - 774. Calculate h(112).
10
Let f(v) = -6*v**3 - 133*v**2 + 110*v - 125. What is f(-23)?
-10
Let d(b) = -6*b**2 + 3*b + 60. Calculate d(-5).
-105
Let n(m) = -14*m**2 - 381*m - 444. Give n(-26).
-2
Let y(j) = -j**3 + 20*j**2 + 24*j - 70. Determine y(21).
-7
Let d(i) = i**3 - 32*i**2 + 39*i + 84. Give d(31).
332
Let u(h) = 172*h - 1793. Calculate u(11).
99
Let z(x) = -388*x - 22526. What is z(-58)?
-22
Let n(q) = 188*q - 10038. Give n(53).
-74
Let n(f) = 3*f**2 + 83*f + 521. What is n(-18)?
-1
Let v(f) = -4*f**2 - 335*f - 592. What is v(-82)?
-18
Let p(l) = l**3 + 3*l**2 - 86*l + 7. Give p(7).
-105
Let z(k) = -3*k + 285. Determine z(-4).
297
Let g(i) = 17*i**2 + 34*i - 1. Determine g(-2).
-1
Let p(n) = -237*n + 9010. Give p(38).
4
Let c(z) = -z**3 - 2*z**2 + 796*z + 2382. Determine c(-3).
3
Let i(w) = 3*w**2 - 52*w + 130. Calculate i(15).
25
Let h(k) = -k**2 - 43*k - 335. Determine h(-16).
97
Let f(v) = 4*v**2 - 46*v - 232. Calculate f(-6).
188
Let s(x) = 2928*x - 23426. Give s(8).
-2
Let y(x) = x**3 - 6*x**2 - 65*x + 39. What is y(-6)?
-3
Let j(o) = -3*o**2 + 110*o - 531. Calculate j(31).
-4
Let g(a) = -3*a**2 + 31*a + 80. Determine g(-8).
-360
Let o(j) = 1920*j - 17294. Calculate o(9).
-14
Let c(u) = 192*u + 1372. Determine c(-8).
-164
Let t(q) = 24*q - 129. Determine t(13).
183
Let f(o) = 2*o**3 - 90*o**2 + 999*o + 21. What is f(25)?
-4
Let w(i) = 3*i**3 + 34*i**2 - 110*i - 1031. Calculate w(-12).
1
Let w(m) = -m**2 - 3*m + 47. What is w(0)?
47
Let c(d) = 5*d**2 + 418*d - 146. What is c(-84)?
22
Let a(s) = s**3 - 21*s**2 - 11*s + 423. Calculate a(21).
192
Let p(i) = i**3 - 30*i**2 + 186*i + 26. Give p(9).
-1
Let w(q) = -6*q**2 + 221*q - 657. Determine w(3).
-48
Let h(x) = 93*x - 190. Calculate h(5).
275
Let n(a) = -4*a - 73. Calculate n(-27).
35
Let w(o) = -5*o**2 - 362*o - 154. What is w(-72)?
-10
Let q(w) = 33*w + 465. Determine q(-3).
366
Let c(r) = 79*r - 361. What is c(0)?
-361
Let w(r) = -r**2 + 32*r + 250. Give w(39).
-23
Let d(l) = 2*l**2 + 1125*l - 4520. Determine d(4).
12
Let r(o) = -o**2 + 6*o + 285. Give r(-14).
5
Let n(d) = -d**3 + 24*d**2 + 37*d - 82. Calculate n(25).
218
Let h(j) = j**3 + 44*j**2 - 363*j + 35. What is h(7)?
-7
Let m(h) = -2*h**3 - 93*h**2 - 90*h + 2. Determine m(-1).
1
Let y(u) = 150*u**2 - 461*u + 23. Give y(3).
-10
Let r(t) = -46*t + 512. Calculate r(13).
-86
Let y(c) = c**3 + 26*c**2 - 9*c + 461. Determine y(-27).
-25
Let x(u) = u**3 - 10*u**2 - 5*u + 132. Give x(9).
6
Let m(s) = 2*s**3 + 6*s**2 - 4*s - 8. Calculate m(-5).
-88
Let a(l) = 1628*l - 17901. Calculate a(11).
7
Let l(w) = -307*w - 70946. Give l(-231).
-29
Let b(r) = -240*r - 9615. What is b(-40)?
-15
Let n(j) = -19*j**2 + 486*j - 1837. Give n(21).
-10
Let x(w) = -w**2 + 75*w - 1295. Determine x(24).
-71
Let v(y) = y**3 + 27*y**2 + 58*y + 102. Give v(-25).
-98
Let w(c) = -c**3 + 83*c**2 + 25*c - 2076. Determine w(83).
-1
Let g(r) = 145*r - 448. Calculate g(3).
-13
Let d(k) = 2426*k - 2426. Give d(1).
0
Let u(s) = -25944*s + 700491. What is u(27)?
3
Let k(v) = -v**3 - 35*v**2 - 212*v + 111. Determine k(-27).
3
Let f(m) = -m**2 + 29*m + 168. Determine f(-5).
-2
Let k(n) = -91*n**3 - 185*n**2 - 2*n + 16. Give k(-2).
8
Let p(u) = 57*u - 2219. What is p(39)?
4
Let x(q) = -6*q**2 - 2*q + 47. Give x(5).
-113
Let o(t) = -t**2 - 4*t + 50. Determine o(-12).
-46
Let l(a) = 134*a + 5090. Calculate l(-38).
-2
Let i(h) = 2*h**2 - 164. Calculate i(11).
78
Let q(l) = 8*l**2 - 532*l + 764. What is q(65)?
-16
Let x(j) = -1416*j - 257708. What is x(-182)?
4
Let z(x) = -x**3 - 127*x**2 + 1976*x + 284. Calculate z(-141).
2
Let k(i) = i**2 + 51*i - 1240. Give k(-69).
2
Let k(c) = -c**2 + 40*c - 42. Give k(39).
-3
Let c(d) = 3*d**3 - 2*d**2 - 4*d + 5. What is c(1)?
2
Let y(b) = -b**3 + 313*b**2 - 4754*b + 596. What is y(297)?
2
Let d(h) = 2*h**3 - 21*h**2 - 14*h - 96. Give d(12).
168
Let q(p) = -8*p - 175. Calculate q(-21).
-7
Let a(p) = p**3 + 2*p**2 - p + 24. Determine a(0).
24
Let z(n) = 29*n - 2379. Determine z(106).
695
Let n(l) = 2*l**3 + 42*l**2 + 111*l - 14. Calculate n(-18).
-68
Let u(f) = 157*f + 2709. Give u(-17).
40
Let j(l) = 69*l + 3174. Determine j(-46).
0
Let w(k) = 65*k**2 + 580*k - 52. Determine w(-9).
-7
Let c(b) = -2*b**2 - 5*b + 176. Calculate c(11).
-121
Let n(q) = -333*q - 6330. What is n(-19)?
-3
Let u(h) = 2*h**2 - 61*h + 186. What is u(3)?
21
Let o(y) = -5914*y - 35486. What is o(-6)?
-2
Let q(z) = -5*z**2 + 33*z - 51. Give q(5).
-11
Let z(y) = 6*y**2 - 143*y + 106. Determine z(23).
-9
Let n(c) = -2*c**3 + 119*c**2 + 54*c + 368. What is n(60)?
8
Let y(z) = -z**3 - 13*z**2 + 95*z - 350. Calculate y(-19).
11
Let r(g) = 568*g - 5691. Give r(10).
-11
Let z(h) = -589*h - 28913. Give z(-49).
-52
Let x(w) = w**3 + 11*w**2 - 8*w + 29. Determine x(-9).
263
Let v(o) = 351*o + 4564. What is v(-13)?
1
Let m(y) = 5*y**2 - 83*y - 374. Calculate m(22).
220
Let m(p) = 46*p**2 + 6*p + 10. Give m(-1).
50
Let d(g) = -1078*g - 2166. Give d(-2).
-10
Let m(n) = -6*n**2 - 101*n - 283. Calculate m(-3).
-34
Let q(u) = -343*u - 1126. Give q(-4).
246
Let c(u) = -u**3 - 186*u**2 - 903*u + 373. Give c(-181).
11
Let u(s) = 7*s**2 - 120*s - 14. Determine u(17).
-31
Let s(v) = -2*v**2 + 65*v - 90. Give s(31).
3
Let w(i) = -206*i**3 - 416*i**2 + 22*i + 54. Give w(-2).
-6
Let a(k) = -10*k**2 - 547*k + 166. Determine a(-55).
1
Let t(v) = -v**3 - 21*v**2 - 53*v - 164. Give t(-19).
121
Let l(g) = -3*g**2 + 93*g - 1. What is l(32)?
-97
Let r(j) = -2*j**3 - 6*j**2 + 54*j - 5. What is r(-7)?
9
Let b(y) = y**3 + 8*y**2 + 45*y + 240. What is b(-6)?
42
Let j(l) = -572*l - 20016. Give j(-35).
4
Let l(d) = 11*d - 68. Calculate l(4).
-24
Let h(f) = -167*f + 140. What is h(0)?
140
Let x(r) = r**3 - 4*r**2 + 14*r - 6. Calculate x(-5).
-301
Let u(k) = -12*k**2 - 172*k + 39. Give u(-13).
247
Let h(z) = -2*z - 101. Give h(-34).
-33
Let q(z) = 35*z - 101. Determine q(7).
144
Let l(q) = 8*q - 163. Determine l(7).
-107
Let b(l) = -16691*l + 400582. Give b(24).
-2
Let s(u) = 6*u**2 - 3*u. What is s(-1)?
9
Let d(m) = -25*m**2 + 32*m - 54. Calculate d(2).
-90
Let t(i) = 66*i - 373. Determine t(6).
23
Let r(u) = u**3 + 10*u**2 - 18*u + 10. What is r(-12)?
-62
Let a(g) = g**3 + 5*g**2 + 35*g + 138. Give a(-4).
14
Let h(d) = d**2 + 12*d - 38. Determine h(3).
7
Let n(l) = l**3 - 42*l**2 + 164*l - 422. Give n(38).
34
Let m(j) = 30*j - 485. What is m(14)?
-65
Let y(i) = 221*i + 3750. What is y(-17)?
-7
Let h(y) = -23*y + 138. Calculate h(8).
-46
Let k(x) = 246*x + 9312. What is k(-38)?
-36
Let r(p) = -1395*p + 15325. What is r(11)?
-20
Let a(q) = -5*q**2 - 7*q - 12. Determine a(-6).
-15